usands digit of 14134872?
3
What is the hundreds digit of 2317111102?
1
What is the units digit of 120897222?
2
What is the ten thousands digit of 134895213?
9
What is the units digit of 48656073?
3
What is the thousands digit of 12499675?
9
What is the hundred thousands digit of 378449036?
4
What is the millions digit of 37933731?
7
What is the millions digit of 3941129761?
1
What is the thousands digit of 5272723131?
3
What is the ten thousands digit of 8973933?
7
What is the ten millions digit of 64752704?
6
What is the units digit of 191139344?
4
What is the ten millions digit of 1179935928?
7
What is the ten thousands digit of 3281797400?
9
What is the units digit of 344212115?
5
What is the billions digit of 2836474135?
2
What is the units digit of 896716857?
7
What is the ten thousands digit of 110777805?
7
What is the ten thousands digit of 384136264?
3
What is the billions digit of 5004405755?
5
What is the ten millions digit of 834447381?
3
What is the ten thousands digit of 165658403?
5
What is the hundred thousands digit of 90403103?
4
What is the tens digit of 114432829?
2
What is the hundred millions digit of 1523249419?
5
What is the ten thousands digit of 110261749?
6
What is the ten thousands digit of 5221484266?
8
What is the units digit of 2643836507?
7
What is the ten thousands digit of 1251816789?
1
What is the millions digit of 41268984?
1
What is the hundred thousands digit of 425258061?
2
What is the thousands digit of 1291262308?
2
What is the hundred thousands digit of 132081713?
0
What is the ten millions digit of 593060725?
9
What is the ten millions digit of 152231324?
5
What is the hundred millions digit of 470917809?
4
What is the hundred millions digit of 1739255163?
7
What is the units digit of 3133426?
6
What is the hundred thousands digit of 381656390?
6
What is the hundred thousands digit of 402313181?
3
What is the tens digit of 174516880?
8
What is the tens digit of 316718983?
8
What is the thousands digit of 278966913?
6
What is the tens digit of 3866163603?
0
What is the hundreds digit of 4763322?
3
What is the millions digit of 101287947?
1
What is the hundreds digit of 6764967?
9
What is the hundred millions digit of 1469618319?
4
What is the units digit of 389494476?
6
What is the units digit of 1037168046?
6
What is the tens digit of 758233324?
2
What is the thousands digit of 3867491?
7
What is the thousands digit of 1196012921?
2
What is the hundred thousands digit of 3120771270?
7
What is the ten millions digit of 32453204?
3
What is the hundreds digit of 105051616?
6
What is the millions digit of 64591478?
4
What is the ten millions digit of 46414781?
4
What is the ten millions digit of 1576190675?
7
What is the ten thousands digit of 3803577743?
7
What is the hundred thousands digit of 2376240232?
2
What is the hundreds digit of 161502540?
5
What is the hundred thousands digit of 150362656?
3
What is the ten thousands digit of 951127512?
2
What is the ten millions digit of 130674643?
3
What is the thousands digit of 9870763?
0
What is the units digit of 240962712?
2
What is the tens digit of 284516216?
1
What is the units digit of 216321356?
6
What is the ten millions digit of 136077367?
3
What is the units digit of 4231440841?
1
What is the tens digit of 63303958?
5
What is the hundred thousands digit of 1811412923?
4
What is the millions digit of 969195480?
9
What is the ten millions digit of 261592683?
6
What is the ten thousands digit of 426320475?
2
What is the tens digit of 3558039633?
3
What is the hundred thousands digit of 851534488?
5
What is the hundred thousands digit of 143540796?
5
What is the thousands digit of 322177543?
7
What is the hundreds digit of 913138900?
9
What is the units digit of 928446974?
4
What is the ten millions digit of 258677530?
5
What is the billions digit of 6330756514?
6
What is the hundred millions digit of 266848559?
2
What is the ten thousands digit of 61522194?
2
What is the thousands digit of 147407652?
7
What is the hundreds digit of 4211423911?
9
What is the ten millions digit of 631972403?
3
What is the units digit of 110444405?
5
What is the hundred thousands digit of 11064200?
0
What is the ten millions digit of 1015651247?
1
What is the ten millions digit of 182823444?
8
What is the hundred thousands digit of 18189118?
1
What is the units digit of 1082095287?
7
What is the ten millions digit of 1702442871?
0
What is the hundred millions digit of 2457561253?
4
What is the hundreds digit of 230970465?
4
What is the hundreds digit of 59205114?
1
What is the ten thousands digit of 506606904?
0
What is the ten millions digit of 963270743?
6
What is the hundreds digit of 3936735279?
2
What is the millions digit of 3530173882?
0
What is the ten thousands digit of 54910265?
1
What is the millions digit of 159604738?
9
What is the billions digit of 1065495402?
1
What is the tens digit of 277974383?
8
What is the units digit of 1643492472?
2
What is the hundred thousands digit of 130132018?
1
What is the millions digit of 197263831?
7
What is the thousands digit of 262899709?
9
What is the hundreds digit of 18193743?
7
What is the ten thousands digit of 297152710?
5
What is the ten thousands digit of 164884630?
8
What is the ten millions digit of 3394886452?
9
What is the units digit of 1376252532?
2
What is the tens digit of 25351168?
6
What is the ten millions digit of 43036814?
4
What is the hundreds digit of 15305680?
6
What is the units digit of 18753526?
6
What is the thousands digit of 41074682?
4
What is the hundred thousands digit of 37784647?
7
What is the thousands digit of 115768381?
8
What is the hundreds digit of 6320217?
2
What is the millions digit of 426999353?
6
What is the millions digit of 706027591?
6
What is the thousands digit of 968708095?
8
What is the hundred thousands digit of 82229109?
2
What is the tens digit of 14360279?
7
What is the units digit of 1858875612?
2
What is the ten thousands digit of 147674674?
7
What is the units digit of 128782440?
0
What is the tens digit of 11895480?
8
What is the ten millions digit of 18782426?
1
What is the hundred thousands digit of 46461117?
4
What is the hundred millions digit of 191186820?
1
What is the hundreds digit of 8312969?
9
What is the hundred thousands digit of 92488374?
4
What is the hundreds digit of 43307638?
6
What is the ten thousands digit of 167208?
6
What is the ten millions digit of 101714005?
0
What is the hundreds digit of 4748340042?
0
What is the ten millions digit of 289978141?
8
What is the millions digit of 313133633?
3
What is the ten thousands digit of 31433508?
3
What is the units digit of 106689190?
0
What is the hundred thousands digit of 781028622?
0
What is the ten thousands digit of 99221869?
2
What is the ten millions digit of 216926049?
1
What is the tens digit of 2882722?
2
What is the millions digit of 48821092?
8
What is the millions digit of 1550177877?
0
What is the hundred millions digit of 201474001?
2
What is the millions digit of 18065483?
8
What is the ten millions digit of 179147548?
7
What is the thousands digit of 137890955?
0
What is the tens digit of 968029136?
3
What is the hundred millions digit of 251904448?
2
What is the hundreds digit of 124616748?
7
What is the ten millions digit of 33356019?
3
What is the millions digit of 589240399?
9
What is the thousands digit of 346795104?
5
What is the ten millions digit of 254473992?
5
What is the hundred thousands digit of 86206906?
2
What is the ten millions digit of 58588715?
5
What is the thousands digit of 35714722?
4
What is the hundred thousands digit of 3576670226?
6
What is the hundred millions digit of 111727548?
1
What is the ten millions digit of 2075060504?
7
What is the tens digit of 367869363?
6
What is the units digit of 130810317?
7
What is the tens digit of 38666751?
5
What is the hundred millions digit of 1365456685?
3
What is the units digit of 40876108?
8
What is the hundred thousands digit of 157878807?
8
What is the tens digit of 518793225?
2
What is the tens digit of 68702417?
1
What is the ten thousands digit of 87053488?
5
What is the hundred thousands digit of 494683521?
6
What is the tens digit of 371247394?
9
What is the ten thousands digit of 1921031597?
3
